{"id":757,"date":"2014-09-12T10:30:07","date_gmt":"2014-09-12T10:30:07","guid":{"rendered":"http:\/\/104.131.255.213\/specular\/business2\/?page_id=757"},"modified":"2022-08-03T12:55:28","modified_gmt":"2022-08-03T10:55:28","slug":"leistungen","status":"publish","type":"page","link":"http:\/\/www.enacon-gmbh.com\/?page_id=757","title":{"rendered":"Leistungen"},"content":{"rendered":"<p>[vc_row parallax=&#8220;content-moving-fade&#8220; type=&#8220;full_width_background&#8220; bg_image=&#8220;1109&#8243; parallax_bg=&#8220;true&#8220;][vc_column][vc_empty_space height=&#8220;70px&#8220;][vc_row_inner][vc_column_inner width=&#8220;2\/3&#8243;][vc_column_text css=&#8220;.vc_custom_1455790174992{padding-top: 30px !important;padding-right: 30px !important;padding-bottom: 30px !important;padding-left: 30px !important;background-color: #ff9900 !important;}&#8220;]<\/p>\n<h2><span style=\"color: #ffffff;\">Ingenieurleistungen des Leistungsbildes<\/span><br \/>\n<span style=\"color: #ffffff;\">\u201eTechnische Ausr\u00fcstung\u201c (LPH 1-9) f\u00fcr die Gewerke:<\/span><\/h2>\n<p>[\/vc_column_text][\/vc_column_inner][vc_column_inner width=&#8220;1\/3&#8243;][\/vc_column_inner][\/vc_row_inner][vc_empty_space height=&#8220;70px&#8220;][\/vc_column][\/vc_row][vc_row bg_color=&#8220;#f4f4f4&#8243; top_padding=&#8220;30&#8243; bottom_padding=&#8220;50&#8243;][vc_column width=&#8220;1\/3&#8243;][list icon=&#8220;moon-checkmark-circle-2&#8243;][list_item title=&#8220;Heizungstechnik &#8222;][list_item title=&#8220;L\u00fcftungs- und Klimatechnik &#8222;][list_item title=&#8220;Sanit\u00e4r-, Abwassertechnik &#8222;][list_item title=&#8220;Regelungstechnik und Geb\u00e4udeautomation &#8222;][\/list][\/vc_column][vc_column width=&#8220;2\/3&#8243;][list icon=&#8220;moon-checkmark-circle-2&#8243;][list_item title=&#8220;Bestandsaufnahmen technischer Anlagen und Geb\u00e4ude, incl. Erstellen von Bestandspl\u00e4nen&#8220;][list_item title=&#8220;Durchf\u00fchrung von Wartungskontrollen und Reparaturmanagement&#8220;][list_item title=&#8220;Planen und Durchf\u00fchren von Wohnungssanierungen f\u00fcr alle Gewerke&#8220;][list_item title=&#8220;Fachbauleitung Heizung, Sanit\u00e4r, L\u00fcftung, Brandschutz sowie MSR-Technik&#8220;][\/list][\/vc_column][\/vc_row][vc_row top_padding=&#8220;40&#8243; bottom_padding=&#8220;40&#8243;][vc_column width=&#8220;1\/2&#8243;][list icon=&#8220;moon-checkmark-circle-2&#8243;][list_item title=&#8220;Individuelle, Herstellerunabh\u00e4ngige Beratung und Planung &#8222;][list_item title=&#8220;Ermittlung der Herstellungskosten und Mitwirken bei Kostenberechnungen nach DIN 276 &#8222;][list_item title=&#8220;Erstellung von Planunterlagen in enger Abstimmung mit Bauherr, Architekt und anderen Fachplanern&#8220;][list_item title=&#8220;Kl\u00e4rung der beh\u00f6rdlichen Auflagen und Mitwirken bei der Genehmigungsplanung &#8222;][list_item title=&#8220;Aufstellung von Leistungsverzeichnissen, Versand sowie Auswertung der Vergabeunterlagen\/Angebote&#8220;][\/list][\/vc_column][vc_column width=&#8220;1\/2&#8243;][vc_empty_space height=&#8220;55px&#8220;][list icon=&#8220;moon-checkmark-circle-2&#8243;][list_item title=&#8220;Projektleitung von der Einweisung bis zur \u00dcberwachung der M\u00e4ngelbeseitigung &#8222;][list_item title=&#8220;Pr\u00fcfung von Dokumentationsunterlagen, Rechnungs- und Aufma\u00dfpr\u00fcfung&#8220;][list_item title=&#8220;Ausarbeitung von Sanierungskonzepten aus technischen, \u00f6kologischen und \u00f6konomischen Gesichtspunkten &#8222;][list_item title=&#8220;Betriebswirtschaftliche Berechnungen zur Wirtschaftlichkeit von Anlagenkonzepten nach VDI 2067\/ 6025 &#8222;][list_item title=&#8220;Anlagenanalysen und Bestandsaufnahmen&#8220;][\/list][\/vc_column][\/vc_row][vc_row parallax=&#8220;content-moving-fade&#8220; type=&#8220;full_width_background&#8220; bg_image=&#8220;1115&#8243; parallax_bg=&#8220;true&#8220; top_padding=&#8220;40&#8243; bottom_padding=&#8220;40&#8243;][vc_column width=&#8220;1\/2&#8243; css=&#8220;.vc_custom_1455723744316{margin-top: 30px !important;margin-bottom: 30px !important;padding-top: 30px !important;padding-right: 30px !important;padding-bottom: 30px !important;padding-left: 30px !important;background-color: #f4f4f4 !important;}&#8220;][list icon=&#8220;moon-checkmark-circle-2&#8243;][list_item title=&#8220;CAD und Berechnungssoftware Heizung L\u00fcftung Sanit\u00e4r: Plancal NOVA&#8220;][list_item title=&#8220;AVA: ORCA AVA&#8220;][list_item title=&#8220;Versickerungsberechnung\/Regenwasserr\u00fcckhaltung: Rainplaner&#8220;][list_item title=&#8220;W\u00e4rmepumpenauslegung: WPOPT&#8220;][list_item title=&#8220;Wirtschaftlichkeitsberechnung: Solar Computer &#8222;][list_item title=&#8220;Energieberatungsoftware: Hottgenroth Energieberater Professional&#8220;][list_item title=&#8220;L\u00fcftungskonzept DIN 1946: Plancal NOVA&#8220;][\/list][\/vc_column][vc_column width=&#8220;1\/2&#8243;][\/vc_column][\/vc_row][vc_row type=&#8220;full_width_background&#8220; bg_color=&#8220;base&#8220; text_color=&#8220;light&#8220; top_padding=&#8220;45&#8243; bottom_padding=&#8220;45&#8243;][vc_column width=&#8220;2\/3&#8243;][vc_custom_heading text=&#8220;<strong>Sie haben Fragen<\/strong> ?&#8220; font_container=&#8220;tag:h2|font_size:24px|text_align:left|color:%23ffffff|line_height:34px&#8220; google_fonts=&#8220;font_family:Roboto%3A100%2C100italic%2C300%2C300italic%2Cregular%2Citalic%2C500%2C500italic%2C700%2C700italic%2C900%2C900italic|font_style:300%20light%20regular%3A300%3Anormal&#8220;][separator width=&#8220;60px&#8220; height=&#8220;1px&#8220; color=&#8220;rgba(255,255,255,0.14)&#8220; margin_top=&#8220;-19px&#8220;][vc_empty_space height=&#8220;15px&#8220;][vc_column_text]Lernen Sie auch unseren freundlichen Service kennen und kontaktieren Sie uns jederzeit gern per Telefon, Email oder Kontaktformular f\u00fcr ein individuelles Angebot.[\/vc_column_text][\/vc_column][vc_column width=&#8220;1\/3&#8243;][vc_empty_space height=&#8220;20px&#8220;][media alignment=&#8220;center&#8220; image=&#8220;1082&#8243; width=&#8220;84&#8243;][\/vc_column][\/vc_row]<\/p>\n","protected":false},"excerpt":{"rendered":"<p>[vc_row parallax=&#8220;content-moving-fade&#8220; type=&#8220;full_width_background&#8220; bg_image=&#8220;1109&#8243; parallax_bg=&#8220;true&#8220;][vc_column][vc_empty_space height=&#8220;70px&#8220;][vc_row_inner][vc_column_inner width=&#8220;2\/3&#8243;][vc_column_text css=&#8220;.vc_custom_1455790174992{padding-top: 30px !important;padding-right: 30px !important;padding-bottom: 30px !important;padding-left: 30px !important;background-color: #ff9900 !important;}&#8220;] Ingenieurleistungen des Leistungsbildes \u201eTechnische Ausr\u00fcstung\u201c (LPH 1-9) f\u00fcr die Gewerke: [\/vc_column_text][\/vc_column_inner][vc_column_inner width=&#8220;1\/3&#8243;][\/vc_column_inner][\/vc_row_inner][vc_empty_space height=&#8220;70px&#8220;][\/vc_column][\/vc_row][vc_row bg_color=&#8220;#f4f4f4&#8243; top_padding=&#8220;30&#8243; bottom_padding=&#8220;50&#8243;][vc_column width=&#8220;1\/3&#8243;][list icon=&#8220;moon-checkmark-circle-2&#8243;][list_item title=&#8220;Heizungstechnik &#8222;][list_item title=&#8220;L\u00fcftungs- und Klimatechnik &#8222;][list_item title=&#8220;Sanit\u00e4r-, Abwassertechnik &#8222;][list_item title=&#8220;Regelungstechnik und Geb\u00e4udeautomation &#8222;][\/list][\/vc_column][vc_column width=&#8220;2\/3&#8243;][list icon=&#8220;moon-checkmark-circle-2&#8243;][list_item title=&#8220;Bestandsaufnahmen technischer Anlagen und [&hellip;]<\/p>\n","protected":false},"author":1,"featured_media":0,"parent":0,"menu_order":0,"comment_status":"open","ping_status":"open","template":"","meta":[],"_links":{"self":[{"href":"http:\/\/www.enacon-gmbh.com\/index.php?rest_route=\/wp\/v2\/pages\/757"}],"collection":[{"href":"http:\/\/www.enacon-gmbh.com\/index.php?rest_route=\/wp\/v2\/pages"}],"about":[{"href":"http:\/\/www.enacon-gmbh.com\/index.php?rest_route=\/wp\/v2\/types\/page"}],"author":[{"embeddable":true,"href":"http:\/\/www.enacon-gmbh.com\/index.php?rest_route=\/wp\/v2\/users\/1"}],"replies":[{"embeddable":true,"href":"http:\/\/www.enacon-gmbh.com\/index.php?rest_route=%2Fwp%2Fv2%2Fcomments&post=757"}],"version-history":[{"count":40,"href":"http:\/\/www.enacon-gmbh.com\/index.php?rest_route=\/wp\/v2\/pages\/757\/revisions"}],"predecessor-version":[{"id":1231,"href":"http:\/\/www.enacon-gmbh.com\/index.php?rest_route=\/wp\/v2\/pages\/757\/revisions\/1231"}],"wp:attachment":[{"href":"http:\/\/www.enacon-gmbh.com\/index.php?rest_route=%2Fwp%2Fv2%2Fmedia&parent=757"}],"curies":[{"name":"wp","href":"https:\/\/api.w.org\/{rel}","templated":true}]}}